{"id":84,"date":"2017-10-06T17:03:39","date_gmt":"2017-10-06T15:03:39","guid":{"rendered":"http:\/\/moncoiffeur-saintsylvain.fr\/?page_id=84"},"modified":"2019-12-03T16:30:07","modified_gmt":"2019-12-03T15:30:07","slug":"tarifs","status":"publish","type":"page","link":"https:\/\/moncoiffeur-par-s.fr\/index.php\/tarifs\/","title":{"rendered":"Tarifs"},"content":{"rendered":"<p>[et_pb_section fb_built=\u00a0\u00bb1&Prime; _builder_version=\u00a0\u00bb3.22&Prime;][et_pb_row _builder_version=\u00a0\u00bb4.0.7&Prime;][et_pb_column type=\u00a0\u00bb4_4&Prime; _builder_version=\u00a0\u00bb4.0.7&Prime;][et_pb_text _builder_version=\u00a0\u00bb3.27.4&Prime;]<\/p>\n<h1>Nos Tarifs<\/h1>\n<p>[\/et_pb_text][\/et_pb_column][\/et_pb_row][et_pb_row column_structure=\u00a0\u00bb1_2,1_2&Prime; _builder_version=\u00a0\u00bb3.25&Prime; background_size=\u00a0\u00bbinitial\u00a0\u00bb background_position=\u00a0\u00bbtop_left\u00a0\u00bb background_repeat=\u00a0\u00bbrepeat\u00a0\u00bb][et_pb_column type=\u00a0\u00bb1_2&Prime; _builder_version=\u00a0\u00bb3.25&Prime; custom_padding=\u00a0\u00bb|||\u00a0\u00bb custom_padding__hover=\u00a0\u00bb|||\u00a0\u00bb][et_pb_text _builder_version=\u00a0\u00bb4.0.7&Prime; hover_enabled=\u00a0\u00bb0&Prime;]<\/p>\n<h1>Seiches sur le Loir<\/h1>\n<p>[\/et_pb_text][et_pb_button button_url=\u00a0\u00bbhttp:\/\/moncoiffeur-saintsylvain.fr\/index.php\/tarifs-decouverte\/\u00a0\u00bb button_text=\u00a0\u00bbOffre D\u00e9couverte\u00a0\u00bb _builder_version=\u00a0\u00bb3.16&Prime; custom_button=\u00a0\u00bbon\u00a0\u00bb button_text_color=\u00a0\u00bb#e43c4d\u00a0\u00bb button_letter_spacing_hover=\u00a0\u00bb0&Prime; button_text_size__hover_enabled=\u00a0\u00bboff\u00a0\u00bb button_one_text_size__hover_enabled=\u00a0\u00bboff\u00a0\u00bb button_two_text_size__hover_enabled=\u00a0\u00bboff\u00a0\u00bb button_text_color__hover_enabled=\u00a0\u00bboff\u00a0\u00bb button_one_text_color__hover_enabled=\u00a0\u00bboff\u00a0\u00bb button_two_text_color__hover_enabled=\u00a0\u00bboff\u00a0\u00bb button_border_width__hover_enabled=\u00a0\u00bboff\u00a0\u00bb button_one_border_width__hover_enabled=\u00a0\u00bboff\u00a0\u00bb button_two_border_width__hover_enabled=\u00a0\u00bboff\u00a0\u00bb button_border_color__hover_enabled=\u00a0\u00bboff\u00a0\u00bb button_one_border_color__hover_enabled=\u00a0\u00bboff\u00a0\u00bb button_two_border_color__hover_enabled=\u00a0\u00bboff\u00a0\u00bb button_border_radius__hover_enabled=\u00a0\u00bboff\u00a0\u00bb button_one_border_radius__hover_enabled=\u00a0\u00bboff\u00a0\u00bb button_two_border_radius__hover_enabled=\u00a0\u00bboff\u00a0\u00bb button_letter_spacing__hover_enabled=\u00a0\u00bbon\u00a0\u00bb button_letter_spacing__hover=\u00a0\u00bb0&Prime; button_one_letter_spacing__hover_enabled=\u00a0\u00bboff\u00a0\u00bb button_two_letter_spacing__hover_enabled=\u00a0\u00bboff\u00a0\u00bb button_bg_color__hover_enabled=\u00a0\u00bboff\u00a0\u00bb button_one_bg_color__hover_enabled=\u00a0\u00bboff\u00a0\u00bb button_two_bg_color__hover_enabled=\u00a0\u00bboff\u00a0\u00bb][\/et_pb_button][et_pb_accordion open_toggle_text_color=\u00a0\u00bb#161616&Prime; open_toggle_background_color=\u00a0\u00bb#eaeaea\u00a0\u00bb closed_toggle_text_color=\u00a0\u00bb#ffffff\u00a0\u00bb closed_toggle_background_color=\u00a0\u00bb#e43c4d\u00a0\u00bb _builder_version=\u00a0\u00bb4.0.7&Prime; toggle_font_size=\u00a0\u00bb20&Prime; animation_style=\u00a0\u00bbfade\u00a0\u00bb hover_enabled=\u00a0\u00bb0&Prime; box_shadow_style=\u00a0\u00bbpreset2&Prime;][et_pb_accordion_item title=\u00a0\u00bbDAME\u00a0\u00bb open=\u00a0\u00bbon\u00a0\u00bb _builder_version=\u00a0\u00bb4.0.7&Prime; background_color=\u00a0\u00bb#c9c9c9&Prime; hover_enabled=\u00a0\u00bb0&Prime;]<\/p>\n<p><strong>FORFAIT BRUSH<\/strong><br \/> Cheveux court : <strong>20 \u20ac<br \/> <\/strong>Cheveux mi-long : <strong>25 \u20ac<br \/> <\/strong>Cheveux long : <strong>30 \u20ac<\/strong><\/p>\n<p><strong>FORFAIT COUPE<\/strong><br \/> Shampooing, coupe, coiffage : <strong>25 \u20ac<br \/> <\/strong>Shampooing, coupe, brush : <strong>31 \u20ac<br \/> <\/strong>Etudiante : shampooing, coupe, s\u00e9chage :<strong> 25 \u20ac<\/strong><\/p>\n<p><strong>FORFAIT COULEUR<\/strong><br \/> Couleur, shampooing, soin, coupe, coiffage : <strong>58 \u20ac<br \/> <\/strong>Couleur, shampooing, soin, coiffage : <strong>50 \u20ac<\/strong><\/p>\n<p><strong>FORFAIT BALAYAGE<\/strong><br \/> Balayage partiel court, soin, coupe, coiffage : <strong>58 \u20ac<br \/> <\/strong>Balayage court, soin, coupe, coiffage : <strong>68 \u20ac<br \/> <\/strong>Balayage mi-long, soin, coupe, coiffage : <strong>75 \u20ac<br \/> <\/strong>Balayage long, soin, coupe, coiffage : <strong>80 \u20ac<br \/> <\/strong>Dose suppl\u00e9mentaire selon la longueur : <strong>5 \u20ac<\/strong><\/p>\n<p><strong>LISSAGE<\/strong> \u00e0 la Keratine de <strong>90 \u00e0 169 \u20ac<\/strong><\/p>\n<p><strong>FORFAIT PERMANENTE<\/strong><br \/> Permanente, coupe, soin, coiffage : <strong>62 \u20ac<br \/> <\/strong>Permanente partielle, coupe, soin, coiffage : <strong>52 \u20ac<br \/> <\/strong>Permanente cheveux longs, coupe, soin, coiffage: <strong>80 \u20ac<\/strong><\/p>\n<p><strong>CHIGNON<\/strong> personnalis\u00e9 de <strong>30 \u00e0 45 \u20ac<br \/> <\/strong>Forfait mari\u00e9e de <strong>100 \u00e0 150 \u20ac<br \/> <\/strong>Tresse : <strong>15 \u20ac<\/strong><\/p>\n<p>[\/et_pb_accordion_item][et_pb_accordion_item title=\u00a0\u00bbHOMME\u00a0\u00bb _builder_version=\u00a0\u00bb4.0.7&Prime; hover_enabled=\u00a0\u00bb0&Prime; open=\u00a0\u00bboff\u00a0\u00bb]<\/p>\n<p>Shampoing, Coupe, Sechage : <strong>21 \u20ac<br \/> <\/strong> Coupe sans shampoing : <strong>19 \u20ac<\/strong><br \/> Shampoing : <strong>4 \u20ac<br \/> <\/strong>Rasage Int\u00e9gral avec rituel : <strong>20 \u20ac<\/strong><\/p>\n<p>[\/et_pb_accordion_item][et_pb_accordion_item title=\u00a0\u00bbETUDIANT\u00a0\u00bb _builder_version=\u00a0\u00bb4.0.7&Prime; hover_enabled=\u00a0\u00bb0&Prime; open=\u00a0\u00bboff\u00a0\u00bb]<\/p>\n<p>Femme : <strong>25 \u20ac<\/strong><br \/>Homme : <strong>19 \u20ac<\/strong><\/p>\n<p>[\/et_pb_accordion_item][et_pb_accordion_item title=\u00a0\u00bbJUNIOR\u00a0\u00bb _builder_version=\u00a0\u00bb4.0.7&Prime; hover_enabled=\u00a0\u00bb0&Prime; open=\u00a0\u00bboff\u00a0\u00bb]<\/p>\n<p>Fille ou gar\u00e7on<br \/> -7 ans : <strong>11 \u20ac<\/strong><br \/> -12 ans : <strong>13 \u20ac<\/strong><\/p>\n<p>[\/et_pb_accordion_item][et_pb_accordion_item title=\u00a0\u00bbADOLESCENT\u00a0\u00bb _builder_version=\u00a0\u00bb4.0.7&Prime; hover_enabled=\u00a0\u00bb0&Prime; open=\u00a0\u00bboff\u00a0\u00bb]<\/p>\n<p>-16 ans : <strong>16 \u20ac<\/strong><br \/> un suppl\u00e9ment peut \u00eatre factur\u00e9 pour les coiffages filles<\/p>\n<p>[\/et_pb_accordion_item][\/et_pb_accordion][\/et_pb_column][et_pb_column type=\u00a0\u00bb1_2&Prime; _builder_version=\u00a0\u00bb3.25&Prime; custom_padding=\u00a0\u00bb|||\u00a0\u00bb custom_padding__hover=\u00a0\u00bb|||\u00a0\u00bb][et_pb_text _builder_version=\u00a0\u00bb4.0.7&Prime; hover_enabled=\u00a0\u00bb0&Prime;]<\/p>\n<h1>Verri\u00e8res en Anjou<\/h1>\n<p>[\/et_pb_text][et_pb_button button_url=\u00a0\u00bbhttp:\/\/moncoiffeur-saintsylvain.fr\/index.php\/tarifs-decouverte\/\u00a0\u00bb button_text=\u00a0\u00bbOffre D\u00e9couverte\u00a0\u00bb _builder_version=\u00a0\u00bb3.16&Prime; custom_button=\u00a0\u00bbon\u00a0\u00bb button_text_color=\u00a0\u00bb#e43c4d\u00a0\u00bb button_letter_spacing_hover=\u00a0\u00bb0&Prime; button_text_size__hover_enabled=\u00a0\u00bboff\u00a0\u00bb button_one_text_size__hover_enabled=\u00a0\u00bboff\u00a0\u00bb button_two_text_size__hover_enabled=\u00a0\u00bboff\u00a0\u00bb button_text_color__hover_enabled=\u00a0\u00bboff\u00a0\u00bb button_one_text_color__hover_enabled=\u00a0\u00bboff\u00a0\u00bb button_two_text_color__hover_enabled=\u00a0\u00bboff\u00a0\u00bb button_border_width__hover_enabled=\u00a0\u00bboff\u00a0\u00bb button_one_border_width__hover_enabled=\u00a0\u00bboff\u00a0\u00bb button_two_border_width__hover_enabled=\u00a0\u00bboff\u00a0\u00bb button_border_color__hover_enabled=\u00a0\u00bboff\u00a0\u00bb button_one_border_color__hover_enabled=\u00a0\u00bboff\u00a0\u00bb button_two_border_color__hover_enabled=\u00a0\u00bboff\u00a0\u00bb button_border_radius__hover_enabled=\u00a0\u00bboff\u00a0\u00bb button_one_border_radius__hover_enabled=\u00a0\u00bboff\u00a0\u00bb button_two_border_radius__hover_enabled=\u00a0\u00bboff\u00a0\u00bb button_letter_spacing__hover_enabled=\u00a0\u00bbon\u00a0\u00bb button_letter_spacing__hover=\u00a0\u00bb0&Prime; button_one_letter_spacing__hover_enabled=\u00a0\u00bboff\u00a0\u00bb button_two_letter_spacing__hover_enabled=\u00a0\u00bboff\u00a0\u00bb button_bg_color__hover_enabled=\u00a0\u00bboff\u00a0\u00bb button_one_bg_color__hover_enabled=\u00a0\u00bboff\u00a0\u00bb button_two_bg_color__hover_enabled=\u00a0\u00bboff\u00a0\u00bb][\/et_pb_button][et_pb_accordion open_toggle_text_color=\u00a0\u00bb#161616&Prime; open_toggle_background_color=\u00a0\u00bb#eaeaea\u00a0\u00bb closed_toggle_text_color=\u00a0\u00bb#ffffff\u00a0\u00bb closed_toggle_background_color=\u00a0\u00bb#e43c4d\u00a0\u00bb _builder_version=\u00a0\u00bb4.0.7&Prime; toggle_font_size=\u00a0\u00bb20&Prime; animation_style=\u00a0\u00bbfade\u00a0\u00bb hover_enabled=\u00a0\u00bb0&Prime; box_shadow_style=\u00a0\u00bbpreset2&Prime;][et_pb_accordion_item title=\u00a0\u00bbDAME\u00a0\u00bb open=\u00a0\u00bbon\u00a0\u00bb _builder_version=\u00a0\u00bb4.0.7&Prime; background_color=\u00a0\u00bb#c9c9c9&Prime; hover_enabled=\u00a0\u00bb0&Prime;]<\/p>\n<p><strong>FORFAIT BRUSH<\/strong><br \/> Cheveux court : <strong>20 \u20ac<br \/> <\/strong>Cheveux mi-long : <strong>25 \u20ac<br \/> <\/strong>Cheveux long : <strong>30 \u20ac<\/strong><\/p>\n<p><strong>FORFAIT COUPE<\/strong><br \/> Shampooing, coupe, coiffage : <strong>27 \u20ac<br \/><\/strong>Shampooing, coupe, brush : <strong>33 \u20ac<br \/> <\/strong>Etudiante : shampooing, coupe, s\u00e9chage :<strong> 27 \u20ac<\/strong><\/p>\n<p><strong>FORFAIT COULEUR<\/strong><br \/> Couleur, shampooing, soin, coupe, coiffage : <strong>68 \u20ac<br \/> <\/strong>Couleur, shampooing, soin, coiffage : <strong>55 \u20ac<\/strong><\/p>\n<p><strong>FORFAIT BALAYAGE<\/strong><br \/> Balayage partiel court, soin, coupe, coiffage : <strong>52 \u20ac<br \/> <\/strong>Balayage court, soin, coupe, coiffage : <strong>68 \u20ac<br \/> <\/strong>Balayage mi-long, soin, coupe, coiffage : <strong>75 \u20ac<br \/> <\/strong>Balayage long, soin, coupe, coiffage : <strong>80 \u20ac<br \/> <\/strong>Dose suppl\u00e9mentaire selon la longueur : <strong>5 \u20ac<\/strong><\/p>\n<p><strong>LISSAGE<\/strong> \u00e0 la Keratine de <strong>90 \u00e0 169 \u20ac<\/strong><\/p>\n<p><strong>FORFAIT PERMANENTE<\/strong><br \/> Permanente, coupe, soin, coiffage : <strong>65 \u20ac<br \/> <\/strong>Permanente partielle, coupe, soin, coiffage : <strong>56 \u20ac<br \/> <\/strong>Permanente cheveux longs, coupe, soin, coiffage: <strong>80 \u20ac<\/strong><\/p>\n<p><strong>CHIGNON<\/strong> personnalis\u00e9 de <strong>30 \u00e0 45 \u20ac<br \/> <\/strong>Forfait mari\u00e9e de <strong>100 \u00e0 150 \u20ac<br \/> <\/strong>Tresse : <strong>15 \u20ac<\/strong><\/p>\n<p>[\/et_pb_accordion_item][et_pb_accordion_item title=\u00a0\u00bbHOMME\u00a0\u00bb _builder_version=\u00a0\u00bb4.0.7&Prime; hover_enabled=\u00a0\u00bb0&Prime; open=\u00a0\u00bboff\u00a0\u00bb]<\/p>\n<p>Shampoing, Coupe, Coiffage : <strong>23 \u20ac<br \/> <\/strong> Coupe sans shampoing : <strong>19 \u20ac<\/strong><br \/> Shampoing : <strong>4 \u20ac<br \/> <\/strong>Rasage Int\u00e9gral avec rituel : <strong>20 \u20ac<\/strong><\/p>\n<p>[\/et_pb_accordion_item][et_pb_accordion_item title=\u00a0\u00bbETUDIANT\u00a0\u00bb _builder_version=\u00a0\u00bb4.0.7&Prime; hover_enabled=\u00a0\u00bb0&Prime; open=\u00a0\u00bboff\u00a0\u00bb]<\/p>\n<p>Femme : <strong>25 \u20ac<br \/> <\/strong> Homme : <strong>19 \u20ac<\/strong><\/p>\n<p>[\/et_pb_accordion_item][et_pb_accordion_item title=\u00a0\u00bbJUNIOR\u00a0\u00bb _builder_version=\u00a0\u00bb4.0.7&Prime; hover_enabled=\u00a0\u00bb0&Prime; open=\u00a0\u00bboff\u00a0\u00bb]<\/p>\n<p>Fille ou gar\u00e7on<br \/> -7 ans : <strong>11 \u20ac<\/strong><br \/> -12 ans : <strong>13 \u20ac<\/strong><\/p>\n<p>[\/et_pb_accordion_item][et_pb_accordion_item title=\u00a0\u00bbADOLESCENT\u00a0\u00bb _builder_version=\u00a0\u00bb4.0.7&Prime; hover_enabled=\u00a0\u00bb0&Prime; open=\u00a0\u00bboff\u00a0\u00bb]<\/p>\n<p>-16 ans : <strong>16 \u20ac<\/strong><br \/> un suppl\u00e9ment peut \u00eatre factur\u00e9 pour les coiffages filles<\/p>\n<p>[\/et_pb_accordion_item][\/et_pb_accordion][\/et_pb_column][\/et_pb_row][\/et_pb_section]<\/p>\n","protected":false},"excerpt":{"rendered":"<p>Nos Tarifs Seiches sur le Loir FORFAIT BRUSH Cheveux court : 20 \u20ac Cheveux mi-long : 25 \u20ac Cheveux long : 30 \u20ac FORFAIT COUPE Shampooing, coupe, coiffage : 25 \u20ac Shampooing, coupe, brush : 31 \u20ac Etudiante : shampooing, coupe, s\u00e9chage : 25 \u20ac FORFAIT COULEUR Couleur, shampooing, soin, coupe, coiffage : 58 \u20ac [&hellip;]<\/p>\n","protected":false},"author":1,"featured_media":0,"parent":0,"menu_order":0,"comment_status":"closed","ping_status":"closed","template":"","meta":{"_et_pb_use_builder":"on","_et_pb_old_content":"","_et_gb_content_width":"","_monsterinsights_skip_tracking":false,"_monsterinsights_sitenote_active":false,"_monsterinsights_sitenote_note":"","_monsterinsights_sitenote_category":0,"footnotes":""},"class_list":["post-84","page","type-page","status-publish","hentry"],"yoast_head":"<!-- This site is optimized with the Yoast SEO plugin v27.5 - https:\/\/yoast.com\/product\/yoast-seo-wordpress\/ -->\n<title>Tarifs - Mon Coiffeur par S<\/title>\n<meta name=\"robots\" content=\"index, follow, max-snippet:-1, max-image-preview:large, max-video-preview:-1\" \/>\n<link rel=\"canonical\" href=\"https:\/\/moncoiffeur-par-s.fr\/index.php\/tarifs\/\" \/>\n<meta property=\"og:locale\" content=\"fr_FR\" \/>\n<meta property=\"og:type\" content=\"article\" \/>\n<meta property=\"og:title\" content=\"Tarifs - Mon Coiffeur par S\" \/>\n<meta property=\"og:description\" content=\"Nos Tarifs Seiches sur le Loir FORFAIT BRUSH Cheveux court : 20 \u20ac Cheveux mi-long : 25 \u20ac Cheveux long : 30 \u20ac FORFAIT COUPE Shampooing, coupe, coiffage : 25 \u20ac Shampooing, coupe, brush : 31 \u20ac Etudiante : shampooing, coupe, s\u00e9chage : 25 \u20ac FORFAIT COULEUR Couleur, shampooing, soin, coupe, coiffage : 58 \u20ac [&hellip;]\" \/>\n<meta property=\"og:url\" content=\"https:\/\/moncoiffeur-par-s.fr\/index.php\/tarifs\/\" \/>\n<meta property=\"og:site_name\" content=\"Mon Coiffeur par S\" \/>\n<meta property=\"article:publisher\" content=\"https:\/\/www.facebook.com\/moncoiffeursaintsylvain\/\" \/>\n<meta property=\"article:modified_time\" content=\"2019-12-03T15:30:07+00:00\" \/>\n<meta property=\"og:image\" content=\"https:\/\/moncoiffeur-par-s.fr\/wp-content\/uploads\/2017\/11\/Logo-moncoiffeur-ss.png\" \/>\n\t<meta property=\"og:image:width\" content=\"302\" \/>\n\t<meta property=\"og:image:height\" content=\"60\" \/>\n\t<meta property=\"og:image:type\" content=\"image\/png\" \/>\n<meta name=\"twitter:card\" content=\"summary_large_image\" \/>\n<meta name=\"twitter:label1\" content=\"Dur\u00e9e de lecture estim\u00e9e\" \/>\n\t<meta name=\"twitter:data1\" content=\"5 minutes\" \/>\n<script type=\"application\/ld+json\" class=\"yoast-schema-graph\">{\"@context\":\"https:\\\/\\\/schema.org\",\"@graph\":[{\"@type\":\"WebPage\",\"@id\":\"https:\\\/\\\/moncoiffeur-par-s.fr\\\/index.php\\\/tarifs\\\/\",\"url\":\"https:\\\/\\\/moncoiffeur-par-s.fr\\\/index.php\\\/tarifs\\\/\",\"name\":\"Tarifs - Mon Coiffeur par S\",\"isPartOf\":{\"@id\":\"https:\\\/\\\/moncoiffeur-par-s.fr\\\/#website\"},\"datePublished\":\"2017-10-06T15:03:39+00:00\",\"dateModified\":\"2019-12-03T15:30:07+00:00\",\"breadcrumb\":{\"@id\":\"https:\\\/\\\/moncoiffeur-par-s.fr\\\/index.php\\\/tarifs\\\/#breadcrumb\"},\"inLanguage\":\"fr-FR\",\"potentialAction\":[{\"@type\":\"ReadAction\",\"target\":[\"https:\\\/\\\/moncoiffeur-par-s.fr\\\/index.php\\\/tarifs\\\/\"]}]},{\"@type\":\"BreadcrumbList\",\"@id\":\"https:\\\/\\\/moncoiffeur-par-s.fr\\\/index.php\\\/tarifs\\\/#breadcrumb\",\"itemListElement\":[{\"@type\":\"ListItem\",\"position\":1,\"name\":\"Accueil\",\"item\":\"https:\\\/\\\/moncoiffeur-par-s.fr\\\/\"},{\"@type\":\"ListItem\",\"position\":2,\"name\":\"Tarifs\"}]},{\"@type\":\"WebSite\",\"@id\":\"https:\\\/\\\/moncoiffeur-par-s.fr\\\/#website\",\"url\":\"https:\\\/\\\/moncoiffeur-par-s.fr\\\/\",\"name\":\"Mon Coiffeur - Saint Sylvain D&#039;Anjou\",\"description\":\"Artisan Coiffeur Barbier\",\"publisher\":{\"@id\":\"https:\\\/\\\/moncoiffeur-par-s.fr\\\/#organization\"},\"potentialAction\":[{\"@type\":\"SearchAction\",\"target\":{\"@type\":\"EntryPoint\",\"urlTemplate\":\"https:\\\/\\\/moncoiffeur-par-s.fr\\\/?s={search_term_string}\"},\"query-input\":{\"@type\":\"PropertyValueSpecification\",\"valueRequired\":true,\"valueName\":\"search_term_string\"}}],\"inLanguage\":\"fr-FR\"},{\"@type\":\"Organization\",\"@id\":\"https:\\\/\\\/moncoiffeur-par-s.fr\\\/#organization\",\"name\":\"Mon coiffeur - Saint Sylvain d'Anjou\",\"url\":\"https:\\\/\\\/moncoiffeur-par-s.fr\\\/\",\"logo\":{\"@type\":\"ImageObject\",\"inLanguage\":\"fr-FR\",\"@id\":\"https:\\\/\\\/moncoiffeur-par-s.fr\\\/#\\\/schema\\\/logo\\\/image\\\/\",\"url\":\"https:\\\/\\\/moncoiffeur-par-s.fr\\\/wp-content\\\/uploads\\\/2017\\\/11\\\/Logo-moncoiffeur-ss.png\",\"contentUrl\":\"https:\\\/\\\/moncoiffeur-par-s.fr\\\/wp-content\\\/uploads\\\/2017\\\/11\\\/Logo-moncoiffeur-ss.png\",\"width\":302,\"height\":60,\"caption\":\"Mon coiffeur - Saint Sylvain d'Anjou\"},\"image\":{\"@id\":\"https:\\\/\\\/moncoiffeur-par-s.fr\\\/#\\\/schema\\\/logo\\\/image\\\/\"},\"sameAs\":[\"https:\\\/\\\/www.facebook.com\\\/moncoiffeursaintsylvain\\\/\"]}]}<\/script>\n<!-- \/ Yoast SEO plugin. -->","yoast_head_json":{"title":"Tarifs - Mon Coiffeur par S","robots":{"index":"index","follow":"follow","max-snippet":"max-snippet:-1","max-image-preview":"max-image-preview:large","max-video-preview":"max-video-preview:-1"},"canonical":"https:\/\/moncoiffeur-par-s.fr\/index.php\/tarifs\/","og_locale":"fr_FR","og_type":"article","og_title":"Tarifs - Mon Coiffeur par S","og_description":"Nos Tarifs Seiches sur le Loir FORFAIT BRUSH Cheveux court : 20 \u20ac Cheveux mi-long : 25 \u20ac Cheveux long : 30 \u20ac FORFAIT COUPE Shampooing, coupe, coiffage : 25 \u20ac Shampooing, coupe, brush : 31 \u20ac Etudiante : shampooing, coupe, s\u00e9chage : 25 \u20ac FORFAIT COULEUR Couleur, shampooing, soin, coupe, coiffage : 58 \u20ac [&hellip;]","og_url":"https:\/\/moncoiffeur-par-s.fr\/index.php\/tarifs\/","og_site_name":"Mon Coiffeur par S","article_publisher":"https:\/\/www.facebook.com\/moncoiffeursaintsylvain\/","article_modified_time":"2019-12-03T15:30:07+00:00","og_image":[{"width":302,"height":60,"url":"https:\/\/moncoiffeur-par-s.fr\/wp-content\/uploads\/2017\/11\/Logo-moncoiffeur-ss.png","type":"image\/png"}],"twitter_card":"summary_large_image","twitter_misc":{"Dur\u00e9e de lecture estim\u00e9e":"5 minutes"},"schema":{"@context":"https:\/\/schema.org","@graph":[{"@type":"WebPage","@id":"https:\/\/moncoiffeur-par-s.fr\/index.php\/tarifs\/","url":"https:\/\/moncoiffeur-par-s.fr\/index.php\/tarifs\/","name":"Tarifs - Mon Coiffeur par S","isPartOf":{"@id":"https:\/\/moncoiffeur-par-s.fr\/#website"},"datePublished":"2017-10-06T15:03:39+00:00","dateModified":"2019-12-03T15:30:07+00:00","breadcrumb":{"@id":"https:\/\/moncoiffeur-par-s.fr\/index.php\/tarifs\/#breadcrumb"},"inLanguage":"fr-FR","potentialAction":[{"@type":"ReadAction","target":["https:\/\/moncoiffeur-par-s.fr\/index.php\/tarifs\/"]}]},{"@type":"BreadcrumbList","@id":"https:\/\/moncoiffeur-par-s.fr\/index.php\/tarifs\/#breadcrumb","itemListElement":[{"@type":"ListItem","position":1,"name":"Accueil","item":"https:\/\/moncoiffeur-par-s.fr\/"},{"@type":"ListItem","position":2,"name":"Tarifs"}]},{"@type":"WebSite","@id":"https:\/\/moncoiffeur-par-s.fr\/#website","url":"https:\/\/moncoiffeur-par-s.fr\/","name":"Mon Coiffeur - Saint Sylvain D&#039;Anjou","description":"Artisan Coiffeur Barbier","publisher":{"@id":"https:\/\/moncoiffeur-par-s.fr\/#organization"},"potentialAction":[{"@type":"SearchAction","target":{"@type":"EntryPoint","urlTemplate":"https:\/\/moncoiffeur-par-s.fr\/?s={search_term_string}"},"query-input":{"@type":"PropertyValueSpecification","valueRequired":true,"valueName":"search_term_string"}}],"inLanguage":"fr-FR"},{"@type":"Organization","@id":"https:\/\/moncoiffeur-par-s.fr\/#organization","name":"Mon coiffeur - Saint Sylvain d'Anjou","url":"https:\/\/moncoiffeur-par-s.fr\/","logo":{"@type":"ImageObject","inLanguage":"fr-FR","@id":"https:\/\/moncoiffeur-par-s.fr\/#\/schema\/logo\/image\/","url":"https:\/\/moncoiffeur-par-s.fr\/wp-content\/uploads\/2017\/11\/Logo-moncoiffeur-ss.png","contentUrl":"https:\/\/moncoiffeur-par-s.fr\/wp-content\/uploads\/2017\/11\/Logo-moncoiffeur-ss.png","width":302,"height":60,"caption":"Mon coiffeur - Saint Sylvain d'Anjou"},"image":{"@id":"https:\/\/moncoiffeur-par-s.fr\/#\/schema\/logo\/image\/"},"sameAs":["https:\/\/www.facebook.com\/moncoiffeursaintsylvain\/"]}]}},"jetpack_sharing_enabled":true,"_links":{"self":[{"href":"https:\/\/moncoiffeur-par-s.fr\/index.php\/wp-json\/wp\/v2\/pages\/84","targetHints":{"allow":["GET"]}}],"collection":[{"href":"https:\/\/moncoiffeur-par-s.fr\/index.php\/wp-json\/wp\/v2\/pages"}],"about":[{"href":"https:\/\/moncoiffeur-par-s.fr\/index.php\/wp-json\/wp\/v2\/types\/page"}],"author":[{"embeddable":true,"href":"https:\/\/moncoiffeur-par-s.fr\/index.php\/wp-json\/wp\/v2\/users\/1"}],"replies":[{"embeddable":true,"href":"https:\/\/moncoiffeur-par-s.fr\/index.php\/wp-json\/wp\/v2\/comments?post=84"}],"version-history":[{"count":0,"href":"https:\/\/moncoiffeur-par-s.fr\/index.php\/wp-json\/wp\/v2\/pages\/84\/revisions"}],"wp:attachment":[{"href":"https:\/\/moncoiffeur-par-s.fr\/index.php\/wp-json\/wp\/v2\/media?parent=84"}],"curies":[{"name":"wp","href":"https:\/\/api.w.org\/{rel}","templated":true}]}}