{"id":668,"date":"2020-09-01T20:12:05","date_gmt":"2020-09-01T18:12:05","guid":{"rendered":"https:\/\/moncoiffeur-par-s.fr\/?page_id=668"},"modified":"2020-09-01T20:14:51","modified_gmt":"2020-09-01T18:14:51","slug":"tarifs-decouverte-verrieres","status":"publish","type":"page","link":"https:\/\/moncoiffeur-par-s.fr\/index.php\/tarifs-decouverte-verrieres\/","title":{"rendered":"Offre D\u00e9couverte Verri\u00e8res"},"content":{"rendered":"\n[et_pb_section fb_built=\u00a0\u00bb1&Prime; _builder_version=\u00a0\u00bb3.22&Prime;][et_pb_row _builder_version=\u00a0\u00bb3.25&Prime; background_size=\u00a0\u00bbinitial\u00a0\u00bb background_position=\u00a0\u00bbtop_left\u00a0\u00bb background_repeat=\u00a0\u00bbrepeat\u00a0\u00bb][et_pb_column type=\u00a0\u00bb4_4&Prime; _builder_version=\u00a0\u00bb3.25&Prime; custom_padding=\u00a0\u00bb|||\u00a0\u00bb custom_padding__hover=\u00a0\u00bb|||\u00a0\u00bb][et_pb_text _builder_version=\u00a0\u00bb3.27.4&Prime; border_style=\u00a0\u00bbsolid\u00a0\u00bb]<h1>Offre D\u00e9couverte<\/h1>\r\n<h5>Pour le premier rendez-vous (sur pr\u00e9sentation de ce flyer)<\/h5>\r[\/et_pb_text][\/et_pb_column][\/et_pb_row][et_pb_row _builder_version=\u00a0\u00bb4.0.9&Prime;][et_pb_column type=\u00a0\u00bb4_4&Prime; _builder_version=\u00a0\u00bb4.0.9&Prime;][et_pb_text _builder_version=\u00a0\u00bb4.0.9&Prime;]<h2 style=\"text-align: center;\">Verri\u00e8res en Anjou<\/h2>[\/et_pb_text][et_pb_image src=\u00a0\u00bbhttps:\/\/moncoiffeur-par-s.fr\/wp-content\/uploads\/2019\/12\/decouverte-verrieres.png\u00a0\u00bb align=\u00a0\u00bbcenter\u00a0\u00bb align_tablet=\u00a0\u00bbcenter\u00a0\u00bb align_phone=\u00a0\u00bb\u00a0\u00bb align_last_edited=\u00a0\u00bbon|desktop\u00a0\u00bb _builder_version=\u00a0\u00bb4.0.9&Prime; animation_style=\u00a0\u00bbbounce\u00a0\u00bb box_shadow_style=\u00a0\u00bbpreset1&Prime; always_center_on_mobile=\u00a0\u00bbon\u00a0\u00bb][\/et_pb_image][\/et_pb_column][\/et_pb_row][\/et_pb_section]\n","protected":false},"excerpt":{"rendered":"<p>Offre D\u00e9couverte Pour le premier rendez-vous (sur pr\u00e9sentation de ce flyer) Verri\u00e8res en Anjou<\/p>\n","protected":false},"author":1,"featured_media":0,"parent":0,"menu_order":0,"comment_status":"closed","ping_status":"closed","template":"","meta":{"_et_pb_use_builder":"on","_et_pb_old_content":"","_et_gb_content_width":"","_monsterinsights_skip_tracking":false,"_monsterinsights_sitenote_active":false,"_monsterinsights_sitenote_note":"","_monsterinsights_sitenote_category":0,"footnotes":""},"class_list":["post-668","page","type-page","status-publish","hentry"],"yoast_head":"<!-- This site is optimized with the Yoast SEO plugin v27.5 - https:\/\/yoast.com\/product\/yoast-seo-wordpress\/ -->\n<title>Offre D\u00e9couverte Verri\u00e8res - Mon Coiffeur par S<\/title>\n<meta name=\"robots\" content=\"index, follow, max-snippet:-1, max-image-preview:large, max-video-preview:-1\" \/>\n<link rel=\"canonical\" href=\"https:\/\/moncoiffeur-par-s.fr\/index.php\/tarifs-decouverte-verrieres\/\" \/>\n<meta property=\"og:locale\" content=\"fr_FR\" \/>\n<meta property=\"og:type\" content=\"article\" \/>\n<meta property=\"og:title\" content=\"Offre D\u00e9couverte Verri\u00e8res - Mon Coiffeur par S\" \/>\n<meta property=\"og:description\" content=\"Offre D\u00e9couverte Pour le premier rendez-vous (sur pr\u00e9sentation de ce flyer) Verri\u00e8res en Anjou\" \/>\n<meta property=\"og:url\" content=\"https:\/\/moncoiffeur-par-s.fr\/index.php\/tarifs-decouverte-verrieres\/\" \/>\n<meta property=\"og:site_name\" content=\"Mon Coiffeur par S\" \/>\n<meta property=\"article:publisher\" content=\"https:\/\/www.facebook.com\/moncoiffeursaintsylvain\/\" \/>\n<meta property=\"article:modified_time\" content=\"2020-09-01T18:14:51+00:00\" \/>\n<meta property=\"og:image\" content=\"https:\/\/moncoiffeur-par-s.fr\/wp-content\/uploads\/2017\/11\/Logo-moncoiffeur-ss.png\" \/>\n\t<meta property=\"og:image:width\" content=\"302\" \/>\n\t<meta property=\"og:image:height\" content=\"60\" \/>\n\t<meta property=\"og:image:type\" content=\"image\/png\" \/>\n<meta name=\"twitter:card\" content=\"summary_large_image\" \/>\n<meta name=\"twitter:label1\" content=\"Dur\u00e9e de lecture estim\u00e9e\" \/>\n\t<meta name=\"twitter:data1\" content=\"1 minute\" \/>\n<script type=\"application\/ld+json\" class=\"yoast-schema-graph\">{\"@context\":\"https:\\\/\\\/schema.org\",\"@graph\":[{\"@type\":\"WebPage\",\"@id\":\"https:\\\/\\\/moncoiffeur-par-s.fr\\\/index.php\\\/tarifs-decouverte-verrieres\\\/\",\"url\":\"https:\\\/\\\/moncoiffeur-par-s.fr\\\/index.php\\\/tarifs-decouverte-verrieres\\\/\",\"name\":\"Offre D\u00e9couverte Verri\u00e8res - Mon Coiffeur par S\",\"isPartOf\":{\"@id\":\"https:\\\/\\\/moncoiffeur-par-s.fr\\\/#website\"},\"datePublished\":\"2020-09-01T18:12:05+00:00\",\"dateModified\":\"2020-09-01T18:14:51+00:00\",\"breadcrumb\":{\"@id\":\"https:\\\/\\\/moncoiffeur-par-s.fr\\\/index.php\\\/tarifs-decouverte-verrieres\\\/#breadcrumb\"},\"inLanguage\":\"fr-FR\",\"potentialAction\":[{\"@type\":\"ReadAction\",\"target\":[\"https:\\\/\\\/moncoiffeur-par-s.fr\\\/index.php\\\/tarifs-decouverte-verrieres\\\/\"]}]},{\"@type\":\"BreadcrumbList\",\"@id\":\"https:\\\/\\\/moncoiffeur-par-s.fr\\\/index.php\\\/tarifs-decouverte-verrieres\\\/#breadcrumb\",\"itemListElement\":[{\"@type\":\"ListItem\",\"position\":1,\"name\":\"Accueil\",\"item\":\"https:\\\/\\\/moncoiffeur-par-s.fr\\\/\"},{\"@type\":\"ListItem\",\"position\":2,\"name\":\"Offre D\u00e9couverte Verri\u00e8res\"}]},{\"@type\":\"WebSite\",\"@id\":\"https:\\\/\\\/moncoiffeur-par-s.fr\\\/#website\",\"url\":\"https:\\\/\\\/moncoiffeur-par-s.fr\\\/\",\"name\":\"Mon Coiffeur - Saint Sylvain D&#039;Anjou\",\"description\":\"Artisan Coiffeur Barbier\",\"publisher\":{\"@id\":\"https:\\\/\\\/moncoiffeur-par-s.fr\\\/#organization\"},\"potentialAction\":[{\"@type\":\"SearchAction\",\"target\":{\"@type\":\"EntryPoint\",\"urlTemplate\":\"https:\\\/\\\/moncoiffeur-par-s.fr\\\/?s={search_term_string}\"},\"query-input\":{\"@type\":\"PropertyValueSpecification\",\"valueRequired\":true,\"valueName\":\"search_term_string\"}}],\"inLanguage\":\"fr-FR\"},{\"@type\":\"Organization\",\"@id\":\"https:\\\/\\\/moncoiffeur-par-s.fr\\\/#organization\",\"name\":\"Mon coiffeur - Saint Sylvain d'Anjou\",\"url\":\"https:\\\/\\\/moncoiffeur-par-s.fr\\\/\",\"logo\":{\"@type\":\"ImageObject\",\"inLanguage\":\"fr-FR\",\"@id\":\"https:\\\/\\\/moncoiffeur-par-s.fr\\\/#\\\/schema\\\/logo\\\/image\\\/\",\"url\":\"https:\\\/\\\/moncoiffeur-par-s.fr\\\/wp-content\\\/uploads\\\/2017\\\/11\\\/Logo-moncoiffeur-ss.png\",\"contentUrl\":\"https:\\\/\\\/moncoiffeur-par-s.fr\\\/wp-content\\\/uploads\\\/2017\\\/11\\\/Logo-moncoiffeur-ss.png\",\"width\":302,\"height\":60,\"caption\":\"Mon coiffeur - Saint Sylvain d'Anjou\"},\"image\":{\"@id\":\"https:\\\/\\\/moncoiffeur-par-s.fr\\\/#\\\/schema\\\/logo\\\/image\\\/\"},\"sameAs\":[\"https:\\\/\\\/www.facebook.com\\\/moncoiffeursaintsylvain\\\/\"]}]}<\/script>\n<!-- \/ Yoast SEO plugin. -->","yoast_head_json":{"title":"Offre D\u00e9couverte Verri\u00e8res - Mon Coiffeur par S","robots":{"index":"index","follow":"follow","max-snippet":"max-snippet:-1","max-image-preview":"max-image-preview:large","max-video-preview":"max-video-preview:-1"},"canonical":"https:\/\/moncoiffeur-par-s.fr\/index.php\/tarifs-decouverte-verrieres\/","og_locale":"fr_FR","og_type":"article","og_title":"Offre D\u00e9couverte Verri\u00e8res - Mon Coiffeur par S","og_description":"Offre D\u00e9couverte Pour le premier rendez-vous (sur pr\u00e9sentation de ce flyer) Verri\u00e8res en Anjou","og_url":"https:\/\/moncoiffeur-par-s.fr\/index.php\/tarifs-decouverte-verrieres\/","og_site_name":"Mon Coiffeur par S","article_publisher":"https:\/\/www.facebook.com\/moncoiffeursaintsylvain\/","article_modified_time":"2020-09-01T18:14:51+00:00","og_image":[{"width":302,"height":60,"url":"https:\/\/moncoiffeur-par-s.fr\/wp-content\/uploads\/2017\/11\/Logo-moncoiffeur-ss.png","type":"image\/png"}],"twitter_card":"summary_large_image","twitter_misc":{"Dur\u00e9e de lecture estim\u00e9e":"1 minute"},"schema":{"@context":"https:\/\/schema.org","@graph":[{"@type":"WebPage","@id":"https:\/\/moncoiffeur-par-s.fr\/index.php\/tarifs-decouverte-verrieres\/","url":"https:\/\/moncoiffeur-par-s.fr\/index.php\/tarifs-decouverte-verrieres\/","name":"Offre D\u00e9couverte Verri\u00e8res - Mon Coiffeur par S","isPartOf":{"@id":"https:\/\/moncoiffeur-par-s.fr\/#website"},"datePublished":"2020-09-01T18:12:05+00:00","dateModified":"2020-09-01T18:14:51+00:00","breadcrumb":{"@id":"https:\/\/moncoiffeur-par-s.fr\/index.php\/tarifs-decouverte-verrieres\/#breadcrumb"},"inLanguage":"fr-FR","potentialAction":[{"@type":"ReadAction","target":["https:\/\/moncoiffeur-par-s.fr\/index.php\/tarifs-decouverte-verrieres\/"]}]},{"@type":"BreadcrumbList","@id":"https:\/\/moncoiffeur-par-s.fr\/index.php\/tarifs-decouverte-verrieres\/#breadcrumb","itemListElement":[{"@type":"ListItem","position":1,"name":"Accueil","item":"https:\/\/moncoiffeur-par-s.fr\/"},{"@type":"ListItem","position":2,"name":"Offre D\u00e9couverte Verri\u00e8res"}]},{"@type":"WebSite","@id":"https:\/\/moncoiffeur-par-s.fr\/#website","url":"https:\/\/moncoiffeur-par-s.fr\/","name":"Mon Coiffeur - Saint Sylvain D&#039;Anjou","description":"Artisan Coiffeur Barbier","publisher":{"@id":"https:\/\/moncoiffeur-par-s.fr\/#organization"},"potentialAction":[{"@type":"SearchAction","target":{"@type":"EntryPoint","urlTemplate":"https:\/\/moncoiffeur-par-s.fr\/?s={search_term_string}"},"query-input":{"@type":"PropertyValueSpecification","valueRequired":true,"valueName":"search_term_string"}}],"inLanguage":"fr-FR"},{"@type":"Organization","@id":"https:\/\/moncoiffeur-par-s.fr\/#organization","name":"Mon coiffeur - Saint Sylvain d'Anjou","url":"https:\/\/moncoiffeur-par-s.fr\/","logo":{"@type":"ImageObject","inLanguage":"fr-FR","@id":"https:\/\/moncoiffeur-par-s.fr\/#\/schema\/logo\/image\/","url":"https:\/\/moncoiffeur-par-s.fr\/wp-content\/uploads\/2017\/11\/Logo-moncoiffeur-ss.png","contentUrl":"https:\/\/moncoiffeur-par-s.fr\/wp-content\/uploads\/2017\/11\/Logo-moncoiffeur-ss.png","width":302,"height":60,"caption":"Mon coiffeur - Saint Sylvain d'Anjou"},"image":{"@id":"https:\/\/moncoiffeur-par-s.fr\/#\/schema\/logo\/image\/"},"sameAs":["https:\/\/www.facebook.com\/moncoiffeursaintsylvain\/"]}]}},"jetpack_sharing_enabled":true,"_links":{"self":[{"href":"https:\/\/moncoiffeur-par-s.fr\/index.php\/wp-json\/wp\/v2\/pages\/668","targetHints":{"allow":["GET"]}}],"collection":[{"href":"https:\/\/moncoiffeur-par-s.fr\/index.php\/wp-json\/wp\/v2\/pages"}],"about":[{"href":"https:\/\/moncoiffeur-par-s.fr\/index.php\/wp-json\/wp\/v2\/types\/page"}],"author":[{"embeddable":true,"href":"https:\/\/moncoiffeur-par-s.fr\/index.php\/wp-json\/wp\/v2\/users\/1"}],"replies":[{"embeddable":true,"href":"https:\/\/moncoiffeur-par-s.fr\/index.php\/wp-json\/wp\/v2\/comments?post=668"}],"version-history":[{"count":0,"href":"https:\/\/moncoiffeur-par-s.fr\/index.php\/wp-json\/wp\/v2\/pages\/668\/revisions"}],"wp:attachment":[{"href":"https:\/\/moncoiffeur-par-s.fr\/index.php\/wp-json\/wp\/v2\/media?parent=668"}],"curies":[{"name":"wp","href":"https:\/\/api.w.org\/{rel}","templated":true}]}}

Offre Découverte Verrières

[et_pb_section fb_built= »1&Prime; _builder_version= »3.22&Prime;][et_pb_row _builder_version= »3.25&Prime; background_size= »initial » background_position= »top_left » background_repeat= »repeat »][et_pb_column type= »4_4&Prime; _builder_version= »3.25&Prime; custom_padding= »||| » custom_padding__hover= »||| »][et_pb_text _builder_version= »3.27.4&Prime; border_style= »solid »]<h1>Offre Découverte</h1>
<h5>Pour le premier rendez-vous (sur présentation de ce flyer)</h5>[/et_pb_text][/et_pb_column][/et_pb_row][et_pb_row _builder_version= »4.0.9&Prime;][et_pb_column type= »4_4&Prime; _builder_version= »4.0.9&Prime;][et_pb_text _builder_version= »4.0.9&Prime;]<h2 style="text-align: center;">Verrières en Anjou</h2>[/et_pb_text][et_pb_image src= »https://moncoiffeur-par-s.fr/wp-content/uploads/2019/12/decouverte-verrieres.png » align= »center » align_tablet= »center » align_phone= » » align_last_edited= »on|desktop » _builder_version= »4.0.9&Prime; animation_style= »bounce » box_shadow_style= »preset1&Prime; always_center_on_mobile= »on »][/et_pb_image][/et_pb_column][/et_pb_row][/et_pb_section]

<p>Offre Découverte Pour le premier rendez-vous (sur présentation de ce flyer) Verrières en Anjou</p>

<!-- This site is optimized with the Yoast SEO plugin v27.5 - https://yoast.com/product/yoast-seo-wordpress/ -->
<title>Offre Découverte Verrières - Mon Coiffeur par S</title>
<meta name="robots" content="index, follow, max-snippet:-1, max-image-preview:large, max-video-preview:-1" />
<link rel="canonical" href="https://moncoiffeur-par-s.fr/index.php/tarifs-decouverte-verrieres/" />
<meta property="og:locale" content="fr_FR" />
<meta property="og:type" content="article" />
<meta property="og:title" content="Offre Découverte Verrières - Mon Coiffeur par S" />
<meta property="og:description" content="Offre Découverte Pour le premier rendez-vous (sur présentation de ce flyer) Verrières en Anjou" />
<meta property="og:url" content="https://moncoiffeur-par-s.fr/index.php/tarifs-decouverte-verrieres/" />
<meta property="og:site_name" content="Mon Coiffeur par S" />
<meta property="article:publisher" content="https://www.facebook.com/moncoiffeursaintsylvain/" />
<meta property="article:modified_time" content="2020-09-01T18:14:51+00:00" />
<meta property="og:image" content="https://moncoiffeur-par-s.fr/wp-content/uploads/2017/11/Logo-moncoiffeur-ss.png" />
	<meta property="og:image:width" content="302" />
	<meta property="og:image:height" content="60" />
	<meta property="og:image:type" content="image/png" />
<meta name="twitter:card" content="summary_large_image" />
<meta name="twitter:label1" content="Durée de lecture estimée" />
	<meta name="twitter:data1" content="1 minute" />
<script type="application/ld+json" class="yoast-schema-graph">{"@context":"https:\/\/schema.org","@graph":[{"@type":"WebPage","@id":"https:\/\/moncoiffeur-par-s.fr\/index.php\/tarifs-decouverte-verrieres\/","url":"https:\/\/moncoiffeur-par-s.fr\/index.php\/tarifs-decouverte-verrieres\/","name":"Offre Découverte Verrières - Mon Coiffeur par S","isPartOf":{"@id":"https:\/\/moncoiffeur-par-s.fr\/#website"},"datePublished":"2020-09-01T18:12:05+00:00","dateModified":"2020-09-01T18:14:51+00:00","breadcrumb":{"@id":"https:\/\/moncoiffeur-par-s.fr\/index.php\/tarifs-decouverte-verrieres\/#breadcrumb"},"inLanguage":"fr-FR","potentialAction":[{"@type":"ReadAction","target":["https:\/\/moncoiffeur-par-s.fr\/index.php\/tarifs-decouverte-verrieres\/"]}]},{"@type":"BreadcrumbList","@id":"https:\/\/moncoiffeur-par-s.fr\/index.php\/tarifs-decouverte-verrieres\/#breadcrumb","itemListElement":[{"@type":"ListItem","position":1,"name":"Accueil","item":"https:\/\/moncoiffeur-par-s.fr\/"},{"@type":"ListItem","position":2,"name":"Offre Découverte Verrières"}]},{"@type":"WebSite","@id":"https:\/\/moncoiffeur-par-s.fr\/#website","url":"https:\/\/moncoiffeur-par-s.fr\/","name":"Mon Coiffeur - Saint Sylvain D&#039;Anjou","description":"Artisan Coiffeur Barbier","publisher":{"@id":"https:\/\/moncoiffeur-par-s.fr\/#organization"},"potentialAction":[{"@type":"SearchAction","target":{"@type":"EntryPoint","urlTemplate":"https:\/\/moncoiffeur-par-s.fr\/?s={search_term_string}"},"query-input":{"@type":"PropertyValueSpecification","valueRequired":true,"valueName":"search_term_string"}}],"inLanguage":"fr-FR"},{"@type":"Organization","@id":"https:\/\/moncoiffeur-par-s.fr\/#organization","name":"Mon coiffeur - Saint Sylvain d'Anjou","url":"https:\/\/moncoiffeur-par-s.fr\/","logo":{"@type":"ImageObject","inLanguage":"fr-FR","@id":"https:\/\/moncoiffeur-par-s.fr\/#\/schema\/logo\/image\/","url":"https:\/\/moncoiffeur-par-s.fr\/wp-content\/uploads\/2017\/11\/Logo-moncoiffeur-ss.png","contentUrl":"https:\/\/moncoiffeur-par-s.fr\/wp-content\/uploads\/2017\/11\/Logo-moncoiffeur-ss.png","width":302,"height":60,"caption":"Mon coiffeur - Saint Sylvain d'Anjou"},"image":{"@id":"https:\/\/moncoiffeur-par-s.fr\/#\/schema\/logo\/image\/"},"sameAs":["https:\/\/www.facebook.com\/moncoiffeursaintsylvain\/"]}]}</script>
<!-- / Yoast SEO plugin. -->

Offre Découverte Verrières - Mon Coiffeur par S

Offre Découverte Pour le premier rendez-vous (sur présentation de ce flyer) Verrières en Anjou
