{"version":"1.0","provider_name":"Mon Coiffeur par S","provider_url":"https:\/\/moncoiffeur-par-s.fr","title":"Votre Avis - Mon Coiffeur par S","type":"rich","width":600,"height":338,"html":"<blockquote class=\"wp-embedded-content\" data-secret=\"is528blDJF\"><a href=\"https:\/\/moncoiffeur-par-s.fr\/index.php\/votre-avis\/\">Votre Avis<\/a><\/blockquote><iframe sandbox=\"allow-scripts\" security=\"restricted\" src=\"https:\/\/moncoiffeur-par-s.fr\/index.php\/votre-avis\/embed\/#?secret=is528blDJF\" width=\"600\" height=\"338\" title=\"\u00ab\u00a0Votre Avis\u00a0\u00bb &#8212; Mon Coiffeur par S\" data-secret=\"is528blDJF\" frameborder=\"0\" marginwidth=\"0\" marginheight=\"0\" scrolling=\"no\" class=\"wp-embedded-content\"><\/iframe><script type=\"text\/javascript\">\n\/* <![CDATA[ *\/\n\/*! This file is auto-generated *\/\n!function(d,l){\"use strict\";l.querySelector&&d.addEventListener&&\"undefined\"!=typeof URL&&(d.wp=d.wp||{},d.wp.receiveEmbedMessage||(d.wp.receiveEmbedMessage=function(e){var t=e.data;if((t||t.secret||t.message||t.value)&&!\/[^a-zA-Z0-9]\/.test(t.secret)){for(var s,r,n,a=l.querySelectorAll('iframe[data-secret=\"'+t.secret+'\"]'),o=l.querySelectorAll('blockquote[data-secret=\"'+t.secret+'\"]'),c=new RegExp(\"^https?:$\",\"i\"),i=0;i<o.length;i++)o[i].style.display=\"none\";for(i=0;i<a.length;i++)s=a[i],e.source===s.contentWindow&&(s.removeAttribute(\"style\"),\"height\"===t.message?(1e3<(r=parseInt(t.value,10))?r=1e3:~~r<200&&(r=200),s.height=r):\"link\"===t.message&&(r=new URL(s.getAttribute(\"src\")),n=new URL(t.value),c.test(n.protocol))&&n.host===r.host&&l.activeElement===s&&(d.top.location.href=t.value))}},d.addEventListener(\"message\",d.wp.receiveEmbedMessage,!1),l.addEventListener(\"DOMContentLoaded\",function(){for(var e,t,s=l.querySelectorAll(\"iframe.wp-embedded-content\"),r=0;r<s.length;r++)(t=(e=s[r]).getAttribute(\"data-secret\"))||(t=Math.random().toString(36).substring(2,12),e.src+=\"#?secret=\"+t,e.setAttribute(\"data-secret\",t)),e.contentWindow.postMessage({message:\"ready\",secret:t},\"*\")},!1)))}(window,document);\n\/\/# sourceURL=https:\/\/moncoiffeur-par-s.fr\/wp-includes\/js\/wp-embed.min.js\n\/* ]]> *\/\n<\/script>\n","description":"[et_pb_section bb_built=\u00a0\u00bb1&Prime;][et_pb_row][et_pb_column type=\u00a0\u00bb4_4&Prime;][et_pb_contact_form _builder_version=\u00a0\u00bb3.0.98&Prime; captcha=\u00a0\u00bbon\u00a0\u00bb use_redirect=\u00a0\u00bboff\u00a0\u00bb custom_button=\u00a0\u00bboff\u00a0\u00bb button_icon_placement=\u00a0\u00bbright\u00a0\u00bb custom_css_contact_button=\u00a0\u00bbborder-radius: 10px;\u00a0\u00bb custom_css_contact_fields=\u00a0\u00bbborder-radius: 10px;\u00a0\u00bb custom_css_text_field=\u00a0\u00bbborder-radius: 10px;\u00a0\u00bb title=\u00a0\u00bbVotre avis nous int\u00e9resse\u00a0\u00bb success_message=\u00a0\u00bbVotre avis a bien \u00e9t\u00e9 envoy\u00e9.\u00a0\u00bb submit_button_text=\u00a0\u00bbEnvoyer votre avis\u00a0\u00bb email=\u00a0\u00bbmoncoiffeursaintsylvain@gmail.com \u00a0\u00bb custom_message=\u00a0\u00bbUn avis a ete depose sur le site par ||et_pb_line_break_holder||||et_pb_line_break_holder||Accueil telephonique : ||et_pb_line_break_holder||Le choix des horaires proposes : ||et_pb_line_break_holder||Les propositions de services : ||et_pb_line_break_holder||Laccueil au [&hellip;]","thumbnail_url":"https:\/\/moncoiffeur-par-s.fr\/wp-content\/uploads\/2017\/11\/Logo-moncoiffeur-ss.png","thumbnail_width":302,"thumbnail_height":60}

[et_pb_section bb_built= »1&Prime;][et_pb_row][et_pb_column type= »4_4&Prime;][et_pb_contact_form _builder_version= »3.0.98&Prime; captcha= »on » use_redirect= »off » custom_button= »off » button_icon_placement= »right » custom_css_contact_button= »border-radius: 10px; » custom_css_contact_fields= »border-radius: 10px; » custom_css_text_field= »border-radius: 10px; » title= »Votre avis nous intéresse » success_message= »Votre avis a bien été envoyé. » submit_button_text= »Envoyer votre avis » email= »moncoiffeursaintsylvain@gmail.com  » custom_message= »Un avis a ete depose sur le site par ||et_pb_line_break_holder||||et_pb_line_break_holder||Accueil telephonique : ||et_pb_line_break_holder||Le choix des horaires proposes : ||et_pb_line_break_holder||Les propositions de services : ||et_pb_line_break_holder||Laccueil au [&hellip;]
